2 + 16*u - 3. What is q(-6)?
9
Let c(n) = 8*n**2 - 5*n + 6. Give c(2).
28
Let m(x) = -x**3 - 17*x**2 - 41*x + 9. Calculate m(-14).
-5
Let n(w) = -w + 3. What is n(13)?
-10
Let k(w) = w**3 - 10*w**2 - 4*w - 31. Calculate k(11).
46
Let y(g) = -g**3 + 9*g**2 - 5*g - 25. Determine y(8).
-1
Let z(y) = 2*y**2 - y - 5. What is z(-3)?
16
Let k(m) = -8*m + 47. Give k(12).
-49
Let r(m) = 4*m + 9. Calculate r(-1).
5
Let j(u) = -u**2 + 18*u - 26. Calculate j(16).
6
Let n(k) = -35*k + 29. Give n(0).
29
Let f(w) = -15*w - 13. Determine f(-4).
47
Let z(b) = 3*b - 2. What is z(4)?
10
Let x(u) = u**3 - 8*u**2 - 15*u - 23. Give x(10).
27
Let i(v) = -v**2 - v + 5. What is i(3)?
-7
Let a(t) = -20*t**2 + 2*t - 1. What is a(1)?
-19
Let k(y) = -51*y + 5. What is k(-1)?
56
Let f(n) = -16*n**2 + 2*n - 1. Calculate f(1).
-15
Let n(x) = -2*x + 1. Give n(4).
-7
Let v(b) = b**3 - 7*b**2 + 2*b + 6. Determine v(7).
20
Let r(u) = -3*u**2 - 5*u + 2. Calculate r(1).
-6
Let u(p) = -p**3 - 20*p**2 + 49*p + 53. Calculate u(-22).
-57
Let g(p) = 2*p**3 - 16*p**2 + 7*p - 44. What is g(8)?
12
Let d(t) = -49*t - 589. Calculate d(-12).
-1
Let b(k) = -13*k**2 - 7*k + 3. Give b(-3).
-93
Let n(h) = -62*h + 192. Give n(3).
6
Let w(s) = -3*s**2 + 18*s - 2. Determine w(6).
-2
Let q(a) = -a**3 - 7*a**2 + 10*a + 3. Calculate q(-8).
-13
Let v(c) = 2*c**2 - 108*c - 109. Determine v(55).
1
Let k(o) = -11*o - 48. Calculate k(-5).
7
Let a(d) = 2*d**2 + 35*d + 94. Calculate a(-12).
-38
Let u(z) = z - 2. Determine u(-5).
-7
Let a(k) = -41*k**3 + k + 1. Calculate a(-1).
41
Let a(y) = y**3 - 10*y**2 - 22*y - 16. Determine a(12).
8
Let b(y) = 2*y + 3. Determine b(7).
17
Let g(r) = 2*r + 14. Calculate g(-16).
-18
Let k(p) = p**3 - 7*p**2 - 2*p + 12. What is k(7)?
-2
Let d(s) = s**3 - 17*s**2 + 14*s + 25. Calculate d(16).
-7
Let i(o) = -11*o - 63. What is i(-7)?
14
Let t(y) = -7*y**3 + 6*y**2 + 8*y + 11. Determine t(-2).
75
Let x(r) = -39*r - 150. What is x(-4)?
6
Let m(n) = 2*n**2 - 6*n + 6. Give m(3).
6
Let n(t) = -9*t**2 + 74*t - 11. Give n(8).
5
Let f(m) = 7*m**3 + m**2 - 3*m. Determine f(2).
54
Let b(d) = -5*d - 4. Determine b(-4).
16
Let o(q) = -q**3 - q + 31. Give o(0).
31
Let s(p) = 5*p - 150. Determine s(30).
0
Let u(m) = 4*m - 18. Calculate u(3).
-6
Let g(b) = 35*b - 292. Calculate g(8).
-12
Let n(i) = -i**2 - 4*i + 22. Give n(-7).
1
Let i(h) = -2*h**3 + 10*h**2 - 12*h. Determine i(3).
0
Let j(c) = c**2 + 6*c - 22. What is j(-8)?
-6
Let m(v) = -3*v + 1. Give m(5).
-14
Let q(h) = -37*h - 15. Give q(-2).
59
Let s(w) = 10*w - 86. Give s(9).
4
Let o(u) = -13*u**2 + 3*u - 5. Determine o(2).
-51
Let y(o) = -2*o**2 - 5*o - 7. Determine y(-2).
-5
Let p(a) = -5*a**2 - 6*a - 5. What is p(-1)?
-4
Let j(d) = 11*d - 100. What is j(9)?
-1
Let h(n) = -11*n - 146. Give h(-13).
-3
Let o(s) = -16*s - 72. Calculate o(-7).
40
Let p(g) = 7*g**3 - g**2 + 5*g - 5. What is p(2)?
57
Let v(a) = -3*a + 14. Give v(6).
-4
Let h(n) = -n**3 + 8*n**2 - 5*n - 9. What is h(8)?
-49
Let l(o) = o**3 + 5*o**2 - 9*o - 24. Calculate l(-6).
-6
Let w(z) = -5*z**2 + z + 1. Determine w(2).
-17
Let r(g) = g**3 - 9*g**2 + 7*g - 9. Give r(6).
-75
Let k(g) = 2*g**2 + 46*g - 6. Determine k(-23).
-6
Let w(t) = 2*t**2 - 10*t + 1. Determine w(7).
29
Let n(s) = s - 2. Determine n(3).
1
Let v(n) = 10*n**2 - n + 1. What is v(1)?
10
Let s(x) = 2*x**3 + 51*x**2 - 22*x - 13. What is s(-26)?
-117
Let t(u) = 24*u + 29. Determine t(-1).
5
Let f(o) = 3*o - 1. Calculate f(7).
20
Let h(y) = y**2 - 5*y - 309. Determine h(-15).
-9
Let s(a) = 2*a + 23. What is s(-20)?
-17
Let m(d) = -d + 16. Determine m(-15).
31
Let x(s) = 2*s - 3. Give x(7).
11
Let y(x) = x**2 - 3*x - 8. What is y(6)?
10
Let n(m) = 16*m + 51. Give n(-5).
-29
Let a(z) = -z - 4. Determine a(-2).
-2
Let y(f) = f**2 + 7*f + 15. Determine y(-6).
9
Let a(k) = -k**2 + 2. Calculate a(-3).
-7
Let f(r) = r**2 - 27*r + 21. Calculate f(26).
-5
Let c(b) = b**3 + 6*b**2 - 7*b + 2. Calculate c(-7).
2
Let t(p) = 2*p**3 + 14*p**2 + 2*p + 27. Determine t(-7).
13
Let a(k) = -k - 9. Calculate a(-4).
-5
Let m(j) = -j**3 - 5*j**2 - 5*j - 6. Give m(-4).
-2
Let d(n) = 2*n + 16. Calculate d(-5).
6
Let s(k) = -k + 1. Calculate s(6).
-5
Let d(v) = v**3 + 8*v**2 - 14*v - 10. What is d(-9)?
35
Let k(c) = c**2 - 6*c + 27. Determine k(5).
22
Let t(o) = -o**3 + o**2 + 2*o - 1. Calculate t(-3).
29
Let w(y) = -34*y - 4. What is w(-1)?
30
Let v(m) = m**3 + 9*m**2 + m - 3. Determine v(-9).
-12
Let q(r) = -r**3 - 23*r**2 - 11*r + 251. Give q(-22).
9
Let o(b) = b**3 + 55*b**2 + 53*b - 55. Calculate o(-54).
-1
Let i(h) = 2*h**2 + 34*h + 31. Give i(-16).
-1
Let d(q) = 31*q - 238. Give d(7).
-21
Let n(q) = q**3 - 5*q**2 - 15*q - 1. Determine n(7).
-8
Let r(j) = 2*j - 7. Determine r(-2).
-11
Let j(a) = a**2 + 2*a - 38. Calculate j(-7).
-3
Let c(t) = -3*t + 67. Determine c(28).
-17
Let n(c) = c**3 + 25. Determine n(0).
25
Let h(v) = 7*v**2 + 5*v - 4. Give h(1).
8
Let u(p) = 30*p - 55. Calculate u(2).
5
Let x(p) = -342*p - 2054. What is x(-6)?
-2
Let a(v) = v**3 - 13*v**2 - 15*v + 48. What is a(14)?
34
Let t(q) = 2*q - 4. Determine t(0).
-4
Let r(q) = 5*q - 12. What is r(4)?
8
Let f(l) = 2*l**2 - 9*l - 7. Determine f(7).
28
Let f(b) = 4*b - 25. Determine f(6).
-1
Let v(o) = -7*o + 10. Calculate v(2).
-4
Let j(v) = -11*v - 26. Give j(-1).
-15
Let r(m) = -m**3 + 7*m**2 + 10*m + 4. What is r(8)?
20
Let s(d) = -3*d + 31. What is s(10)?
1
Let o(q) = -q**2 - 30*q - 234. Give o(-16).
-10
Let i(d) = d**3 + 16*d**2 + 4*d. Calculate i(-16).
-64
Let p(g) = g**3 + 7*g**2 + 6*g - 1. Determine p(-5).
19
Let x(s) = s**2 - 2*s - 13. Calculate x(7).
22
Let o(z) = z + 13. What is o(6)?
19
Let t(o) = 3*o - 8. Determine t(4).
4
Let a(d) = d**2 - 15*d + 19. What is a(14)?
5
Let y(h) = -h**3 + 16*h**2 - 14*h - 15. Give y(15).
0
Let z(d) = d - 17. Determine z(-5).
-22
Let d(n) = -n**2 + 3*n + 3. Give d(-2).
-7
Let w(l) = -6*l**2 + l + 3. Calculate w(-3).
-54
Let v(d) = -d**3 + 6*d**2 - 5*d + 11. Determine v(5).
11
Let s(t) = -t**2 + 9*t + 19. Give s(-2).
-3
Let i(p) = -7*p + 208. Give i(29).
5
Let l(v) = -v**3 + 3*v**2 + 3*v - 4. Determine l(5).
-39
Let o(r) = 13*r - 182. What is o(14)?
0
Let n(v) = -v**3 - 7*v**2 + v + 2. What is n(-7)?
-5
Let c(h) = -22*h + 4. Give c(-2).
48
Let g(r) = -10*r + 7. Give g(2).
-13
Let f(k) = -k**3 - 7*k**2 - 8*k - 3. Calculate f(-5).
-13
Let k(i) = -2*i**3 + 51*i**2 + 22*i + 91. What is k(26)?
-13
Let r(k) = -k**2 + 12*k + 4. Calculate r(11).
15
Let f(w) = -4*w**2 - 2*w + 6. Calculate f(-2).
-6
Let b(c) = 4*c**2 - c - 1. Calculate b(-1).
4
Let m(n) = -n**3 - n**2 - 4*n + 34. Calculate m(0).
34
Let k(j) = -j + 8. Calculate k(-3).
11
Let o(v) = 7*v**2 + v + 1. Give o(-1).
7
Let o(a) = -a**3 + 15*a**2 - 54*a + 3. Calculate o(9).
3
Let r(l) = l**2 + 4*l + 2. Determine r(-2).
-2
Let j(z) = z**2 + 13*z - 19. Calculate j(-13).
-19
Let k(h) = -18*h - 127. Give k(-7).
-1
Let u(t) = -t - 4. What is u(-6)?
2
Let c(w) = -w**3 - w**2 + w - 15. Give c(0).
-15
Let b(t) = t**2 + 12*t - 6. What is b(-12)?
-6
Let f(r) = r**2 - 8*r - 2. What is f(8)?
-2
Let y(d) = d**2 - 43*d - 242. What is y(-5)?
-2
Let w(c) = c**2 + 26*c + 138. Determine w(-6).
18
Let g(r) = -8*r**3 + 5*r - 4. Calculate g(1).
-7
Let d(b) = 8*b - 28. Calculate d(4).
4
Let m(i) = -i - 4. Determine m(7).
-11
Let m(s) = s**2 - 16*s + 7. Give m(0).
7
Let w(s) = -2*s - 50. What is w(-17)?
-16
Let d(s) = s**2 - 17*s + 60. What is d(8)?
-12
Let u(v) = -v**3 + 13*v**2 + 15*v - 16. Determine u(14).
-2
Let s(i) = -i**2 - 5*i + 5. Give s(-6).
-1
Let r(q) = q**2 - 25*q + 65. Calculate r(22).
-1
Let j(l) = -l + 3. Give j(4).
-1
Let x(v) = 37*v**3 + 2*v**2 + v. What is x(-1)?
-36
Let r(s) = -s**3 - 9*s**2 - 13*s - 4. Determine r(-7).
-11
Let d(l) = l - 12. Determine d(9).
-3
Let a(l) = -l**3 - 11*l**2 - 8*l + 1. Give a(-9).
-89
Let c(s) = -7*s**3 - s**2 + s + 3. What is c(2)?
-55
Let i(y) = 2*y**2 + 3*y. Calculate i(5).
65
Let b(t) = -6*t - 81. Determine b(-14).
3
Let h(s) = s**2 - 22*s - 177. What is h(29)?
26
Let b(z) = -z**3 + 7*z**2 + 19*z + 1. What is b(9)?
10
Let l(q) = q**3 - 5*q**2 + 4*q - 2. Calculate l(4).
-2
Let m(q) = 32*q - 429. What is m(13)?
-13
Let z(y) = -y**3 + 11*y**2 + 9*y - 1. Calculate z(11).
98
Let g(q) = -34*q - 84. Determine g(-3).
18
Let r(u) = -u**2 - 8*u + 20